are the prime factors of y?
2, 11
Suppose -3*s + 0*s + 18 = 0. List the prime factors of (-51)/(-15) - s/15.
3
Suppose -2*u + 0*u + 8 = -3*y, -2*u - 2*y - 2 = 0. Let h(w) = w - 1. Let o be h(2). List the prime factors of (u + 2 - o) + 10.
2, 3
Suppose 0 = 6*g - 22 - 1448. List the prime factors of g.
5, 7
Let j(a) = a**2 + 10*a + 4. List the prime factors of j(-15).
79
Let j(d) = -d**2 - 6*d + 2. Let u be j(-6). Suppose 0 = u*q + 3*q. Suppose q = 4*m - 4 - 36. What are the prime factors of m?
2, 5
Let k(a) = 5*a - 15. List the prime factors of k(8).
5
Let w be -17 + -4 - (2 - 2). Let t = 5 + -8. Let v = t - w. What are the prime factors of v?
2, 3
Let q = -15 - 1. Let x be (q + 1)*9/(-5). What are the prime factors of (-4)/18 + 249/x?
3
Suppose 4*z - 84 = -3*c - c, 3*z + c = 61. Suppose -8 = 3*i - z. Suppose 33 = i*s - s. List the prime factors of s.
11
Suppose 0 = 2*s + 3*s - 5*h + 10, 2*s - 5*h + 16 = 0. Suppose s*r - 39 + 5 = 0. List the prime factors of r.
17
Let l(n) = n**3 + 7*n**2 - 7*n + 3. Let b be l(-8). Let g(s) = s**3 + 7*s**2 + 6*s + 5. Let t be g(-6). Let r = t - b. What are the prime factors of r?
2, 5
Let x(z) = -8*z - 14. What are the prime factors of x(-7)?
2, 3, 7
Let s be ((-1)/(-2))/((-2)/(-12)). Suppose -3 = -4*p + s*y, 0*p + 5*y = 4*p + 3. Suppose 12 = -p*x + 7*x. List the prime factors of x.
3
What are the prime factors of 28 + -3 + 6 + -3?
2, 7
Let k(u) = u**2 + 2*u - 5. Let w be k(-4). Suppose -12 = 4*c - 2*p, -2*c - 4*p = -w - 1. List the prime factors of (-12)/(1 - 2) + c.
2, 5
Let l(u) = -u - 2. Let b be l(5). Let x = b - -3. List the prime factors of (x/(-6))/((-3)/(-45)).
2, 5
Let k(b) = -2*b**2 - 3*b - 3. Let x be k(-2). Let d = 14 + x. List the prime factors of d.
3
Suppose -1 = -y + 1. Suppose 0 = y*p - 5*b - 6 - 2, 5*p - 20 = 4*b. What are the prime factors of p?
2
Suppose -5*f = -2*m - 3*m - 10, 0 = -3*m + 2*f - 2. List the prime factors of m.
2
Let s(v) = 23*v + 1. What are the prime factors of s(5)?
2, 29
Let g(j) = -j**2 - 40. Suppose -2*n - 2*n = 0. Let u be g(n). Let h = -27 - u. What are the prime factors of h?
13
Let h(j) = -j**2 - 4*j + 1. Let n = -5 + 3. Let d be h(n). Suppose 5*t - 4*z - 24 = -2*z, 5*z + 15 = d*t. List the prime factors of t.
2, 3
Suppose -3*l + 4*f + 4 = -18, 0 = -l - 4*f - 14. Suppose -2 = m + t, 4*t = -m - l*m - 10. List the prime factors of m.
2
Let x(s) = -s. Let r be x(0). Suppose r = -2*w + 35 - 7. List the prime factors of w.
2, 7
Suppose 3*t - 434 = -2*q, 0*q + q = 4. List the prime factors of t.
2, 71
What are the prime factors of (-2)/((-1680)/(-843) - 2)?
281
Suppose -5*p - 280 = -9*p. What are the prime factors of p?
2, 5, 7
List the prime factors of 2 - 1/(3/(-90)).
2
Let j(s) = -s**3 - 8*s**2 - 4*s - 3. Let o be j(-7). List the prime factors of (-776)/o - 1/3.
2
Let t(v) be the first derivative of -v**4/4 - 7*v**3/3 - 7*v**2/2 + 3*v + 3. List the prime factors of t(-6).
3
Let i be 4 + 2*-1 + 1. Suppose i*y - y - 54 = 0. Suppose 2*d = -d + y. List the prime factors of d.
3
Let v(a) = -4*a + 4 + 4*a**3 + 0*a**3 + 3*a**2 - 3*a**3. Let s be v(-4). Suppose -5*d - s*t = -56, -8 = -3*d - 3*t + 25. What are the prime factors of d?
2, 3
Suppose -z = z. List the prime factors of (2 + z)/2 - -11.
2, 3
Let w be ((-4)/(-2))/(2/(-18)). Let k = -12 - w. What are the prime factors of k?
2, 3
Let d(n) = -35*n + 1. Let x be d(1). Let j = -18 - x. List the prime factors of j.
2
Let w = 6 + -7. Let s = 3 + w. Suppose 3*p - s*r - 10 - 11 = 0, 0 = -5*p + 5*r + 30. What are the prime factors of p?
3
Let p = 116 - 23. What are the prime factors of p?
3, 31
Suppose 3*k + 1 = 4*k. Suppose -3*b - 10 = -k. What are the prime factors of 23/3 + 2/b?
7
Suppose 2*m + 146 = p, -292 = -p - p + m. List the prime factors of p.
2, 73
Let y(b) = -3*b + 3. Let s(p) = 2*p - 5. Let k be s(0). List the prime factors of y(k).
2, 3
Suppose 4*b = 193 + 107. Suppose -58 - b = -5*f + 2*q, 0 = -3*f - 4*q + 85. What are the prime factors of f?
3
Suppose 0 = l + 8 - 7. Let s = 2 - l. List the prime factors of s.
3
Suppose 5*s - 17 - 3 = 0. Suppose 5*u - m = -61, 0*u + 10 = -2*u + s*m. Let g = 20 + u. What are the prime factors of g?
7
Let h(r) = -17*r + 1. Let d be h(-3). Suppose -3*t + 0*t = 4*i - d, -i = 4*t. Let c = i + -10. List the prime factors of c.
2, 3
Let c(z) = z - 1. Let b be c(1). Suppose b*r - 92 = -2*r. Suppose -2*y + n + 37 = 4*n, 5*n = 3*y - r. List the prime factors of y.
17
Let g(p) = 2*p**2 + p - 1. Let q be (-3*1 + 2)*-1. Let o be (-1)/2*(-1 - q). List the prime factors of g(o).
2
Let r(h) = h + 2. Let w be r(2). Suppose w*f + 0*f - 28 = 0. List the prime factors of f.
7
Let c(z) = z**2 + 2*z - 3. Let q(r) = 2*r**2. Let g be q(-1). What are the prime factors of c(g)?
5
Let v(p) = 6*p**2 + 4*p - 3. What are the prime factors of v(2)?
29
Let i(r) = r**3 - 10*r**2 + 5*r + 32. List the prime factors of i(11).
2, 13
Let g(s) = 17*s**2 - 3*s - 5. What are the prime factors of g(4)?
3, 5, 17
Let d(l) = l**3 - 13*l**2 - 10*l - 20. What are the prime factors of d(14)?
2, 3
Let l(a) = a**2 + 7*a + 30. What are the prime factors of l(-11)?
2, 37
Let c = 4 + 41. What are the prime factors of c?
3, 5
Let g(y) = -3*y - 13. Let u(k) = -16*k - 65. Let j(h) = -11*g(h) + 2*u(h). List the prime factors of j(0).
13
Suppose -5*g - l = -229, 4*l = -2*g + 2*l + 98. Suppose -5*r - 4*c = -g, 9 = 4*r + c - 27. Let i(x) = -x**2 + 11*x - 6. List the prime factors of i(r).
2, 3
Suppose 0 = -13*h + 14*h - 315. What are the prime factors of h?
3, 5, 7
Let r be 9/6*(-5 + 1). List the prime factors of 4 - r - 3*1.
7
Let b(a) = a**3 - 8*a**2 + 7*a + 9. Let z be b(7). Suppose 0*f + z = f. List the prime factors of f.
3
Let x(y) = y**3 - 4*y**2 + 6*y. What are the prime factors of x(4)?
2, 3
Let r = -336 - -611. List the prime factors of r.
5, 11
Let o = 79 + -49. List the prime factors of o.
2, 3, 5
Suppose 5*i = 4*j + 41, 2*i - 18 - 12 = 5*j. Let q = 4 - 5. Let u = q + i. List the prime factors of u.
2
Let m(f) = -f**3 + 3*f**2 - 2*f + 4. Let b be m(3). Let p(z) be the third derivative of -z**4/12 - z**2. List the prime factors of p(b).
2
List the prime factors of (0 - 3 - -2)*-1 - -12.
13
What are the prime factors of (-132)/(-9)*81/18?
2, 3, 11
Suppose 5*y = 2*n - 33, 0 = 4*y - 11 + 31. Let o be 0/((2 - n) + 1). Suppose o = -3*w - 0*w + 6. What are the prime factors of w?
2
List the prime factors of -2 + -2 + 70 + 2.
2, 17
Let q be 40/(-3)*(1 - 4). Let p be -2 + (4 - (0 + -1)). Suppose -2*g - 2*h = -0*h - q, -4*g + p*h + 66 = 0. List the prime factors of g.
2, 3
Suppose 20 = -0*m + 4*m. Suppose -a - m = -45. List the prime factors of a.
2, 5
Let o = -3 - -6. Suppose -8*x = -3*x - 10. Suppose x*y = a - 0*y, -2*a = -5*y + o. List the prime factors of a.
2, 3
Suppose 4*j - 59 - 81 = 0. List the prime factors of j.
5, 7
Let c be (-40)/(-12) - 1/3. Let f be 2 - c - (-1 + 0). List the prime factors of 9 + f + 2*-1.
7
Let a(v) = 5*v**2 - 3*v + 4. What are the prime factors of a(-6)?
2, 101
Suppose 2*o - 6 = 5*o. Let g(z) = -5*z**2. Let i be g(o). Let f = i - -30. List the prime factors of f.
2, 5
Suppose b - 4 = -h, b - 7 + 1 = h. List the prime factors of b.
5
Let t(q) = -q - 4. Let l be t(-7). List the prime factors of (36/8)/l*30.
3, 5
Let q(l) = l + 6. Let x be q(-5). Let i = 4 + x. What are the prime factors of i?
5
Let c = -4 - -44. List the prime factors of c.
2, 5
Suppose 0 = 5*p - 43 - 357. Suppose -6*l + p = -l. List the prime factors of l.
2
Let f be (-117)/(-6)*(-392)/6. List the prime factors of 4/(-10) - f/35.
2, 3
Let m = 16 - -11. Let z(x) = -4*x**3 - x**2 - 2*x - 1. Let y be z(-1). Suppose -m = l - y*l. List the prime factors of l.
3
Suppose q - 7 - 11 = 0. What are the prime factors of q?
2, 3
List the prime factors of 16/(-4) + 132 - 3.
5
Let p(w) = -25*w - 37. What are the prime factors of p(-11)?
2, 7, 17
Let g(t) = 4*t + 2. Let z = 1 + -3. Let h be g(z). What are the prime factors of 8/12 + (-74)/h?
13
Suppose 2*f + d - 194 = 5*d, -3*f + 346 = 5*d. Suppose -4*p - 8*r = -3*r - f, -p = 2*r - 23. What are the prime factors of p?
3, 11
Suppose -3*q + 0*q = -54. Suppose 0 = 3*b + 15 + q. Let r = b + 23. What are the prime factors of r?
2, 3
Suppose -3*s + 5 = -349. What are the prime factors of s?
2, 59
Let s = 